rs of h.
3
Suppose 5*m - 411 = -h, 3*m - 2*m - 103 = 5*h. Suppose -74 - m = -b. List the prime factors of b.
157
Suppose -4*i - i = -95. Suppose -4*j - d = -0*d - 25, i = 4*j + 3*d. What are the prime factors of j?
7
Suppose 13*h + 87 = 16*h - 5*m, 5*h + m - 173 = 0. What are the prime factors of h?
2, 17
Suppose -6*q + 9 = -2*i - q, 5*i + q + 9 = 0. Suppose -2*s - 5*r = -4*s + 13, 5*s + 4*r - 49 = 0. Let m = s + i. What are the prime factors of m?
7
List the prime factors of ((-5086)/(-9))/(92/207)*2.
2543
Let o = -11 + 23. Suppose -10*z = -o*z + 36. List the prime factors of z.
2, 3
Suppose -3*n = -0 + 30. List the prime factors of (-553)/(-3) + n/(-15).
5, 37
Let z = -19 - -27. What are the prime factors of z?
2
Let a(w) = 2310*w**2 + 38*w + 37. List the prime factors of a(-1).
2309
Let y = 6423 + -2891. List the prime factors of y.
2, 883
Suppose 3*u + u + 884 = 2*r, 2*r + 4*u - 892 = 0. What are the prime factors of r?
2, 3, 37
Suppose -4*t = -6*t + 20. Suppose 2 = a, -2*a = -3*d - 4*a + 28. Suppose t + d = l. List the prime factors of l.
2, 3
Suppose 3*h + s = 48, 4*h + 2*s = -s + 69. Suppose -q - 44 = -a, 2*a - h - 80 = -5*q. List the prime factors of a.
3, 5
Suppose -75*k = -77*k + 12. Suppose 23 = h + 3*y, k - 21 = 3*y. What are the prime factors of h?
2, 19
What are the prime factors of (-8)/(-6)*1104/32?
2, 23
Let q be (-3)/(12/4) - -2. Let k(o) = 13*o**2 - 2*o + 1. Let h be k(q). List the prime factors of ((-30)/(-4))/(h/24).
3, 5
Let h(m) = 5*m + 19. Let c(l) = -2*l**2 - 13*l + 6. Let z be c(-6). List the prime factors of h(z).
79
Let w(h) = -h**3 + 9*h**2 + 10*h + 3. Let b be w(10). Let l = -1 - b. List the prime factors of (-2)/4 + (-58)/l.
2, 7
Suppose -5*k + k + 2*g = 2, -5*g = -25. Suppose 0 = -x + k + 2. Suppose x = f - 21. What are the prime factors of f?
5
Let h = -14 + 16. Suppose -93 = -h*l + 3. What are the prime factors of l?
2, 3
Let j = -148 + 73. Suppose -36*t - 1986 = 2694. Let y = j - t. List the prime factors of y.
5, 11
What are the prime factors of (-3)/(84/(-5761))*8?
2, 823
Let t = 1692 - 863. Suppose 2*n = -3*v + n + t, v = 2*n + 288. What are the prime factors of v?
2, 139
Let b = 134 + -61. Let p = 139 - b. List the prime factors of p.
2, 3, 11
Let q be (-10)/15*18/(-4). Suppose -117 = -5*r + 4*b + 184, -3*r - q*b = -186. What are the prime factors of r?
61
Let w be 4/26 - (-89)/13. Suppose w*s + 321 = 83. List the prime factors of s/(-4)*(6 - 0).
3, 17
Suppose -210 = 2*r - 7*r. List the prime factors of r.
2, 3, 7
Let a = 91 - 88. What are the prime factors of (-204)/15*((-75)/2)/a?
2, 5, 17
Let h(p) = -p**3 - 22*p**2 + 23*p - 35. Let u be h(-24). Let r = u + -357. What are the prime factors of r?
2, 13
Let u be (-7)/(28/(-8))*-2. Let h be u*(-1 - 6/(-2)). Let v = h - -32. What are the prime factors of v?
2, 3
Let c(b) be the third derivative of -b**7/1260 + b**6/360 - b**5/20 - 2*b**2. Let f(g) be the third derivative of c(g). List the prime factors of f(-5).
2, 11
Suppose -5*i - 2*x + 6276 - 2491 = 0, -4*i + 3028 = -3*x. List the prime factors of i.
757
Let q = 254 - -514. What are the prime factors of q?
2, 3
Let j(l) = 7 + 5*l - 11*l**2 + 14*l**2 + 9*l. What are the prime factors of j(-7)?
2, 7
Suppose 1182 = 3*f - 4*d, 12*f - 5*d - 1965 = 7*f. List the prime factors of f.
2, 3, 5, 13
Let j = 2078 + -290. What are the prime factors of j?
2, 3, 149
Let w(d) = 2*d**2 + 19*d - 1. List the prime factors of w(23).
2, 3, 83
Suppose c + 3 - 1 = 0. List the prime factors of (c/(-6))/(3/549).
61
Let n(m) = -1 + 10*m - 8 - 1 - 10. List the prime factors of n(11).
2, 3, 5
Let q(b) be the first derivative of -b**3/3 - 17*b**2/2 - 7*b - 1. List the prime factors of q(-11).
59
Suppose -4*z = m - 2624, 0 = -7*z + 9*z - 6. List the prime factors of m.
2, 653
Let m be (2 + -1)*(-36)/(-12). Suppose -m*v + 248 = -7*v. Let q = 101 + v. List the prime factors of q.
3, 13
Let w = 33 - 25. Suppose -2*k - 117 = -3*s, -w*s = -3*s + 4*k - 173. What are the prime factors of s?
37
What are the prime factors of ((-56)/8 + 9)/(12/21102)?
3517
Let p(d) = -82*d + 3. Let a be p(-2). Suppose -2*m + 31 = -a. Let i = -59 + m. List the prime factors of i.
2, 5
Suppose 40 = 4*o - 0*o. Let r be 30/50 - (-44)/o. Suppose -3*s + r + 31 = 0. What are the prime factors of s?
2, 3
Let j be ((-24)/(-9))/((-6)/(-9)). Suppose -b = -j*f + 17 - 1, f = -4*b + 21. List the prime factors of 14/b*280/98.
2, 5
What are the prime factors of 5472/4 - (-32 + 39)?
1361
Suppose s = -5*k + 2847, -k = -6*s + 11*s - 14139. What are the prime factors of s?
11, 257
Suppose -870 = -l + 4*d, 3*l = l - 2*d + 1760. List the prime factors of l.
2, 439
Suppose -66 = 4*t + 42. Suppose -p - 11 = -79. Let b = p + t. List the prime factors of b.
41
Let k = -419 - -633. What are the prime factors of k?
2, 107
Suppose -48 = 2*z - 6*z - 4*a, 0 = 2*z - 2*a - 12. Suppose z + 6 = 3*k. Suppose 143 = 5*u - v, -u + k*u = -5*v + 126. List the prime factors of u.
29
Suppose -10*n + 5320 = -3660. List the prime factors of n.
2, 449
Suppose y = -4*y + 30. Suppose 8*t - 6 = y*t. What are the prime factors of (-1074)/(-42) + t/7?
2, 13
Let b(x) be the first derivative of 11*x**3/6 + 5*x + 4. Let o(n) be the first derivative of b(n). List the prime factors of o(1).
11
Let l(g) be the third derivative of -g**6/120 + 23*g**5/60 + 3*g**4/8 - 3*g**3 - g**2. What are the prime factors of l(23)?
3, 7
Let q = -28 + 56. What are the prime factors of q?
2, 7
What are the prime factors of 1353/4 + (60/(-16))/(-5)?
3, 113
Let t = 10 + -16. Let h = t - -13. Let q(x) = x**2 - 2*x - 6. List the prime factors of q(h).
29
Suppose -2*c - 11 = 5*o, -2 - 7 = -3*c + o. Suppose -u - c*u + 2*n = -155, 0 = u + 3*n - 48. List the prime factors of u.
3, 17
Let u = 3388 + -1490. List the prime factors of u.
2, 13, 73
Let g(s) = 4*s**2 - 8. Let t be g(-7). Suppose -611 = -4*m - 563. Suppose 5*v = m + t. List the prime factors of v.
2, 5
Let u = 31 + -30. List the prime factors of (-8*1)/(-4) + u.
3
Let c(y) = -345*y - 85. List the prime factors of c(-5).
2, 5, 41
Let g(h) = -h**2 + 4*h - 3. Let m(c) = 2*c**2 - 8*c + 7. Let b(o) = 11*g(o) + 6*m(o). Let r be ((-9)/(-2))/(2/4). What are the prime factors of b(r)?
2, 3
Let j(l) = -l**2 + 13*l - 13. Let k be j(13). Let i = k - -14. Let v = 32 + i. List the prime factors of v.
3, 11
Suppose 3*y - 14 + 2 = 0, -2*y + 24 = 4*n. Suppose -87 = -3*h - 3*i, 2*i - 44 = -n*h + 76. List the prime factors of h.
31
Suppose 31*d + 17021 - 48920 = 0. What are the prime factors of d?
3, 7
Suppose -4 + 16 = 4*k. Suppose 34 = i - j - k*j, -2*j = -5*i + 152. List the prime factors of 5/(i/69)*6.
3, 23
List the prime factors of (221670/450)/(2/10).
3, 821
Let r = 5132 + -3490. What are the prime factors of r?
2, 821
Let s(a) = -a**3 - 2*a**2 - 2*a - 2. Let m be s(-3). Suppose -3*t = -m*t + 1170. What are the prime factors of t?
3, 13
Let m be (30/6)/5 - (-63)/(-3). Suppose 2*n = -12 - 16. Let h = n - m. List the prime factors of h.
2, 3
Suppose -3 = 5*q + 12. What are the prime factors of (2 + 20/1)/(q/(-6))?
2, 11
Suppose 12*h - 5751 = 6525. What are the prime factors of h?
3, 11, 31
Suppose 9*s + 1094 - 11084 = 0. What are the prime factors of s?
2, 3, 5, 37
Suppose 0 = -36*p + 49*p - 429. List the prime factors of p.
3, 11
Suppose -2*p = -5*c - 105, 300 = 5*p + 2*c + 52. Suppose -p = -5*v - 0*v. Suppose v*d - 49 = 9*d. List the prime factors of d.
7
What are the prime factors of (-21)/(-14) + (-11817)/(-6)?
3, 73
Let z = -6 - -9. Suppose -2*k - 261 = -5*k - 5*h, -3*k + z*h + 237 = 0. List the prime factors of k/7 - (-4)/14.
2, 3
Let c be 28/6 - 44/66. Suppose -3*i - 7*a + 2*a = -208, 2*i = -c*a + 142. What are the prime factors of i?
61
What are the prime factors of (151/3 + 5)*3 - -5?
3, 19
Let t = -1375 + 4242. What are the prime factors of t?
47, 61
Suppose 19*i = 21*i - 1436. What are the prime factors of i?
2, 359
Let u = -21 + 23. Suppose -4*i + 5*f = -385, -u*i - 3*f = -172 - 15. What are the prime factors of i?
5, 19
Let u(a) be the second derivative of -a**5/20 + a**4/6 + 2*a**3/3 - a**2 + a. Let n be u(3). Let g(z) = 22*z - 1. List the prime factors of g(n).
3, 7
Let j(v) be the first derivative of 3*v**2 + 20*v - 4. What are the prime factors of j(6)?
2, 7
Suppose 1 = -6*f